{"id":922,"date":"2021-05-09T12:59:46","date_gmt":"2021-05-09T10:59:46","guid":{"rendered":"http:\/\/cafeannablume.de\/?page_id=922"},"modified":"2021-05-09T12:59:47","modified_gmt":"2021-05-09T10:59:47","slug":"anna-blume-gedicht-von-kurt-schwitters-e","status":"publish","type":"page","link":"https:\/\/cafe-anna-blume.de\/en\/anna-blume-gedicht-von-kurt-schwitters-e\/","title":{"rendered":"Anna Blume Gedicht von Kurt Schwitters E"},"content":{"rendered":"\n<p>AN ANNA BLUME<\/p>\n\n\n\n<p>O du, Geliebte meiner siebenundzwanzig Sinne, ich<br>liebe dir! \u2013 Du deiner dich dir, ich dir, du mir.<br>\u2013 Wir?<br>Das geh\u00f6rt (beil\u00e4ufig) nicht hierher.<br>Wer bist du, ungez\u00e4hltes Frauenzimmer? Du bist<br>\u2013 \u2013 bist du? \u2013 Die Leute sagen, du w\u00e4rest, \u2013 la\u00df<br>sie sagen, sie wissen nicht, wie der Kirchturm steht.<br>Du tr\u00e4gst den Hut auf deinen F\u00fc\u00dfen und wanderst auf<br>die H\u00e4nde, auf den H\u00e4nden wanderst du.<br>Hallo, deine roten Kleider, in wei\u00dfe Falten zers\u00e4gt.<br>Rot liebe ich Anna Blume, rot liebe ich dir! \u2013 Du<br>deiner dich dir, ich dir, du mir. \u2013 Wir?<br>Das geh\u00f6rt (beil\u00e4ufig) in die kalte Glut.<br>Rote Blume, rote Anna Blume, wie sagen die Leute?<\/p>\n\n\n\n<div class=\"wp-block-columns is-layout-flex wp-container-core-columns-is-layout-2 wp-block-columns-is-layout-flex\">\n<div class=\"wp-block-column is-vertically-aligned-top is-layout-flow wp-block-column-is-layout-flow\" style=\"flex-basis:100%\">\n<div class=\"wp-block-columns is-layout-flex wp-container-core-columns-is-layout-1 wp-block-columns-is-layout-flex\">\n<div class=\"wp-block-column is-layout-flow wp-block-column-is-layout-flow\" style=\"flex-basis:16%\">\n<p>Preisfrage:<\/p>\n<\/div>\n\n\n\n<div class=\"wp-block-column is-layout-flow wp-block-column-is-layout-flow\" style=\"flex-basis:60%\">\n<p>1. Anna Blume hat ein Vogel.<br>2. Anna Blume ist rot.<br>3. Welche Farbe hat der Vogel?<\/p>\n<\/div>\n<\/div>\n<\/div>\n<\/div>\n\n\n\n<p>Blau ist die Farbe deines gelben Haares.<br>Rot ist das Girren deines gr\u00fcnen Vogels.<br>Du schlichtes M\u00e4dchen im Alltagskleid, du liebes gr\u00fcnes<br>Tier, ich liebe dir! \u2013 Du deiner dich dir, ich dir, du<br>mir, \u2013 Wir?<br>Das geh\u00f6rt (beil\u00e4ufig) in die Glutenkiste.<br>Anna Blume! Anna, a-n-n-a, ich tr\u00e4ufle deinen<br>Namen. Dein Name tropft wie weiches Rindertalg.<br>[6] Wei\u00dft du es, Anna, wei\u00dft du es schon?<br>Man kann dich auch von hinten lesen, und du, du<br>Herrlichste von allen, du bist von hinten wie von vorne:<br>\u201ea-n-n-a\u201c.<br>Rindertalg tr\u00e4ufelt streicheln \u00fcber meinen R\u00fccken.<br>Anna Blume, du tropfes Tier, ich liebe dir!<\/p>\n\n\n\n<p>Kurt Schwitters<\/p>\n","protected":false},"excerpt":{"rendered":"<p>AN ANNA BLUME O du, Geliebte meiner siebenundzwanzig Sinne, ichliebe dir! \u2013 Du deiner dich dir, ich dir, du mir.\u2013 Wir?Das geh\u00f6rt (beil\u00e4ufig) nicht hierher.Wer bist du, ungez\u00e4hltes Frauenzimmer? Du bist\u2013 \u2013 bist du? \u2013 Die Leute sagen, du w\u00e4rest, \u2013 la\u00dfsie sagen, sie wissen nicht, wie der Kirchturm steht.Du tr\u00e4gst den Hut auf deinen [&hellip;]<\/p>\n","protected":false},"author":1,"featured_media":0,"parent":0,"menu_order":1,"comment_status":"closed","ping_status":"closed","template":"templates\/annablume.php","meta":{"_acf_changed":false,"inline_featured_image":false,"footnotes":""},"class_list":["post-922","page","type-page","status-publish","hentry"],"acf":[],"_links":{"self":[{"href":"https:\/\/cafe-anna-blume.de\/en\/wp-json\/wp\/v2\/pages\/922"}],"collection":[{"href":"https:\/\/cafe-anna-blume.de\/en\/wp-json\/wp\/v2\/pages"}],"about":[{"href":"https:\/\/cafe-anna-blume.de\/en\/wp-json\/wp\/v2\/types\/page"}],"author":[{"embeddable":true,"href":"https:\/\/cafe-anna-blume.de\/en\/wp-json\/wp\/v2\/users\/1"}],"replies":[{"embeddable":true,"href":"https:\/\/cafe-anna-blume.de\/en\/wp-json\/wp\/v2\/comments?post=922"}],"version-history":[{"count":1,"href":"https:\/\/cafe-anna-blume.de\/en\/wp-json\/wp\/v2\/pages\/922\/revisions"}],"predecessor-version":[{"id":923,"href":"https:\/\/cafe-anna-blume.de\/en\/wp-json\/wp\/v2\/pages\/922\/revisions\/923"}],"wp:attachment":[{"href":"https:\/\/cafe-anna-blume.de\/en\/wp-json\/wp\/v2\/media?parent=922"}],"curies":[{"name":"wp","href":"https:\/\/api.w.org\/{rel}","templated":true}]}}

<p>AN ANNA BLUME</p>



<p>O du, Geliebte meiner siebenundzwanzig Sinne, ich<br>liebe dir! – Du deiner dich dir, ich dir, du mir.<br>– Wir?<br>Das gehört (beiläufig) nicht hierher.<br>Wer bist du, ungezähltes Frauenzimmer? Du bist<br>– – bist du? – Die Leute sagen, du wärest, – laß<br>sie sagen, sie wissen nicht, wie der Kirchturm steht.<br>Du trägst den Hut auf deinen Füßen und wanderst auf<br>die Hände, auf den Händen wanderst du.<br>Hallo, deine roten Kleider, in weiße Falten zersägt.<br>Rot liebe ich Anna Blume, rot liebe ich dir! – Du<br>deiner dich dir, ich dir, du mir. – Wir?<br>Das gehört (beiläufig) in die kalte Glut.<br>Rote Blume, rote Anna Blume, wie sagen die Leute?</p>



<div class="wp-block-columns is-layout-flex wp-container-core-columns-is-layout-2 wp-block-columns-is-layout-flex">
<div class="wp-block-column is-vertically-aligned-top is-layout-flow wp-block-column-is-layout-flow" style="flex-basis:100%">
<div class="wp-block-columns is-layout-flex wp-container-core-columns-is-layout-1 wp-block-columns-is-layout-flex">
<div class="wp-block-column is-layout-flow wp-block-column-is-layout-flow" style="flex-basis:16%">
<p>Preisfrage:</p>
</div>



<div class="wp-block-column is-layout-flow wp-block-column-is-layout-flow" style="flex-basis:60%">
<p>1. Anna Blume hat ein Vogel.<br>2. Anna Blume ist rot.<br>3. Welche Farbe hat der Vogel?</p>
</div>
</div>
</div>
</div>



<p>Blau ist die Farbe deines gelben Haares.<br>Rot ist das Girren deines grünen Vogels.<br>Du schlichtes Mädchen im Alltagskleid, du liebes grünes<br>Tier, ich liebe dir! – Du deiner dich dir, ich dir, du<br>mir, – Wir?<br>Das gehört (beiläufig) in die Glutenkiste.<br>Anna Blume! Anna, a-n-n-a, ich träufle deinen<br>Namen. Dein Name tropft wie weiches Rindertalg.<br>[6] Weißt du es, Anna, weißt du es schon?<br>Man kann dich auch von hinten lesen, und du, du<br>Herrlichste von allen, du bist von hinten wie von vorne:<br>„a-n-n-a“.<br>Rindertalg träufelt streicheln über meinen Rücken.<br>Anna Blume, du tropfes Tier, ich liebe dir!</p>



<p>Kurt Schwitters</p>

<p>AN ANNA BLUME O du, Geliebte meiner siebenundzwanzig Sinne, ichliebe dir! – Du deiner dich dir, ich dir, du mir.– Wir?Das gehört (beiläufig) nicht hierher.Wer bist du, ungezähltes Frauenzimmer? Du bist– – bist du? – Die Leute sagen, du wärest, – laßsie sagen, sie wissen nicht, wie der Kirchturm steht.Du trägst den Hut auf deinen [&hellip;]</p>
